2394?
89
Calculate the remainder when 55353 is divided by 4257.
12
Calculate the remainder when 119689 is divided by 162.
133
What is the remainder when 7725 is divided by 596?
573
What is the remainder when 255 is divided by 170?
85
Calculate the remainder when 31172 is divided by 31160.
12
What is the remainder when 22142 is divided by 485?
317
Calculate the remainder when 54390 is divided by 3885.
0
What is the remainder when 110651 is divided by 283?
281
What is the remainder when 53276 is divided by 2959?
14
What is the remainder when 8470 is divided by 1055?
30
What is the remainder when 13394 is divided by 3311?
150
Calculate the remainder when 1755 is divided by 839.
77
Calculate the remainder when 79529 is divided by 39762.
5
Calculate the remainder when 3596 is divided by 719.
1
What is the remainder when 5127 is divided by 1694?
45
Calculate the remainder when 237556 is divided by 26.
20
What is the remainder when 866680 is divided by 227?
221
What is the remainder when 2618 is divided by 241?
208
Calculate the remainder when 26469 is divided by 6606.
45
What is the remainder when 66814 is divided by 1758?
10
Calculate the remainder when 74024 is divided by 7.
6
What is the remainder when 59382 is divided by 104?
102
What is the remainder when 69254 is divided by 1082?
6
Calculate the remainder when 2599 is divided by 11.
3
Calculate the remainder when 22896 is divided by 22871.
25
Calculate the remainder when 233179 is divided by 77720.
19
What is the remainder when 2166 is divided by 285?
171
Calculate the remainder when 235780 is divided by 309.
13
Calculate the remainder when 144316 is divided by 1193.
1156
Calculate the remainder when 6085 is divided by 2.
1
Calculate the remainder when 403099 is divided by 1292.
1287
Calculate the remainder when 86387 is divided by 3085.
7
Calculate the remainder when 2470 is divided by 143.
39
Calculate the remainder when 1119 is divided by 276.
15
What is the remainder when 153548 is divided by 363?
362
Calculate the remainder when 121321 is divided by 544.
9
What is the remainder when 2259 is divided by 147?
54
What is the remainder when 4574 is divided by 4540?
34
What is the remainder when 113209 is divided by 334?
317
Calculate the remainder when 32600 is divided by 343.
15
What is the remainder when 20017 is divided by 63?
46
Calculate the remainder when 563 is divided by 71.
66
Calculate the remainder when 1011510 is divided by 20643.
3
What is the remainder when 2590 is divided by 118?
112
What is the remainder when 234491 is divided by 670?
661
What is the remainder when 11857 is divided by 14?
13
Calculate the remainder when 98400 is divided by 108.
12
Calculate the remainder when 874322 is divided by 33.
20
Calculate the remainder when 1134 is divided by 368.
30
Calculate the remainder when 19566 is divided by 218.
164
Calculate the remainder when 30835 is divided by 466.
79
What is the remainder when 657 is divided by 313?
31
Calculate the remainder when 3365607 is divided by 97.
95
Calculate the remainder when 2100 is divided by 1001.
98
What is the remainder when 56764 is divided by 18862?
178
What is the remainder when 38221 is divided by 55?
51
Calculate the remainder when 18617 is divided by 814.
709
Calculate the remainder when 1601 is divided by 299.
106
Calculate the remainder when 3068 is divided by 205.
198
Calculate the remainder when 141688 is divided by 6.
4
Calculate the remainder when 198694 is divided by 49.
48
What is the remainder when 24550 is divided by 63?
43
Calculate the remainder when 5930 is divided by 370.
10
Calculate the remainder when 191770 is divided by 63907.
49
What is the remainder when 981113 is divided by 84?
77
Calculate the remainder when 679 is divided by 99.
85
Calculate the remainder when 29492 is divided by 85.
82
Calculate the remainder when 71750 is divided by 1464.
14
What is the remainder when 991286 is divided by 955?
951
What is the remainder when 146 is divided by 34?
10
What is the remainder when 19479 is divided by 34?
31
Calculate the remainder when 1416 is divided by 145.
111
Calculate the remainder when 5886 is divided by 1591.
1113
Calculate the remainder when 16688 is divided by 16668.
20
Calculate the remainder when 144250 is divided by 72125.
0
Calculate the remainder when 1042012 is divided by 221.
218
What is the remainder when 8319 is divided by 128?
127
Calculate the remainder when 71153 is divided by 118.
117
What is the remainder when 14300 is divided by 6?
2
Calculate the remainder when 8277 is divided by 902.
159
What is the remainder when 61083 is divided by 150?
33
What is the remainder when 61759 is divided by 320?
319
Calculate the remainder when 190751 is divided by 6153.
8
Calculate the remainder when 3907 is divided by 307.
223
What is the remainder when 8756752 is divided by 79?
76
Calculate the remainder when 7426 is divided by 545.
341
Calculate the remainder when 267809 is divided by 158.
157
What is the remainder when 10437 is divided by 169?
128
Calculate the remainder when 138145 is divided by 4456.
9
What is the remainder when 1828888 is divided by 1059?
1054
Calculate the remainder when 188409 is divided by 107.
89
What is the remainder when 5528 is divided by 2735?
58
What is the remainder when 2288 is divided by 115?
103
Calculate the remainder when 130021 is divided by 129994.
27
Calculate the remainder when 176878 is divided by 330.
328
What is the remainder when 8341 is divided by 81?
79
What is the remainder when 234700 is divided by 7?
4
Calculate the remainder when 661704 is divided by 110284.
0
Calculate the remainder when 1528 is divided by 745.
38
Calculate the remainder when 378 is divided by 199.
179
What is the remainder when 11255 is divided by 5623?
9
What is the remainder when 3184 is divided by 462?
412
What is the remainder when 781 is divided by 366?
49
Calculate the remainder when 26377 is divided by 6577.
69
What is the remainder when 258 is divided by 51?
3
Calculate the remainder when 53844 is divided by 121.
120
Calculate the remainder when 5952 is divided by 1142.
242
Calculate the remainder when 6624 is divided by 2207.
3
Calculate the remainder when 1203379 is divided by 97.
94
Calculate the remainder when 9492 is divided by 47.
45
What is the remainder when 13783 is divided by 1520?
103
What is the remainder when 2993 is divided by 842?
467
What is the remainder when 327971 is divided by 6?
5
Calculate the remainder when 17706 is divided by 455.
416
What is the remainder when 48611 is divided by 18?
11
Calculate the remainder when 155544 is divided by 258.
228
What is the remainder when 19434 is divided by 9694?
46
Calculate the remainder when 7670 is divided by 71.
2
What is the remainder when 72620 is divided by 83?
78
What is the remainder when 35742 is divided by 17597?
548
What is the remainder when 53306 is divided by 17768?
2
Calculate the remainder when 3223 is divided by 324.
307
What is the remainder when 2655750 is divided by 581?
580
Calculate the remainder when 2087 is divided by 687.
26
What is the remainder when 819468 is divided by 1169?
1168
What is the remainder when 58742 is divided by 250?
242
Calculate the remainder when 60028 is divided by 261.
259
Calculate the remainder when 333263 is divided by 24.
23
Calculate the remainder when 50275 is divided by 46.
43
Calculate the remainder when 301158 is divided by 150579.
0
Calculate the remainder when 3743 is divided by 96.
95
What is the remainder when 60464 is divided by 1043?
1013
Calculate the remainder when 3551459 is divided by 330.
329
Calculate the remainder when 503396 is divided by 1213.
1
What is the remainder when 150610 is divided by 79?
36
Calculate the remainder when 742 is divided by 42.
28
What is the remainder when 3799 is divided by 135?
19
Calculate the remainder when 6997 is divided by 382.
121
What is the remainder when 36446 is divided by 127?
124
Calculate the remainder when 14377 is divided by 306.
301
Calculate the remainder when 1382 is divided by 359.
305
Calculate the remainder when 526 is divided by 24.
22
Calculate the remainder when 403 is divided by 22.
7
Calculate the remainder when 3906 is divided by 438.
402
What is the remainder when 376122 is divided by 176?
10
W